{"id":2768,"date":"2021-03-01T19:29:35","date_gmt":"2021-03-02T00:29:35","guid":{"rendered":"https:\/\/www.abijustice.org\/brain-injury-community\/?page_id=2768"},"modified":"2021-03-01T19:35:22","modified_gmt":"2021-03-02T00:35:22","slug":"outils-imprimables","status":"publish","type":"page","link":"https:\/\/www.abijustice.org\/brain-injury-community\/outils-imprimables\/","title":{"rendered":"Outils imprimables en fran\u00e7ais"},"content":{"rendered":"<div class=\"wpb-content-wrapper\"><p>[vc_row full_width=&#8221;stretch_row&#8221; css=&#8221;.vc_custom_1601329816462{padding-top: 60px !important;}&#8221;][vc_column][vc_column_text]<\/p>\n<p style=\"text-align: center;\">Outils imprimables qui peuvent aider \u00e0 rester organis\u00e9 tout au long du processus de justice p\u00e9nale.<\/p>\n<p>[\/vc_column_text][\/vc_column][\/vc_row][vc_row][vc_column][vc_column_text]<style>#sp-ea-2745 .spcollapsing { height: 0; overflow: hidden; transition-property: height;transition-duration: 500ms;}#sp-ea-2745.sp-easy-accordion>.sp-ea-single {margin-bottom: 10px; border: 1px solid #e2e2e2; }#sp-ea-2745.sp-easy-accordion>.sp-ea-single>.ea-header a {color: #444;}#sp-ea-2745.sp-easy-accordion>.sp-ea-single>.sp-collapse>.ea-body {background: #fff; color: #444;}#sp-ea-2745.sp-easy-accordion>.sp-ea-single {background: #eee;}#sp-ea-2745.sp-easy-accordion>.sp-ea-single>.ea-header a .ea-expand-icon { float: left; color: #444;font-size: 16px;}<\/style><div id=\"sp_easy_accordion-1776958699\"><div id=\"sp-ea-2745\" class=\"sp-ea-one sp-easy-accordion\" data-ex-icon=\"minus\" data-col-icon=\"plus\"  data-ea-active=\"ea-click\"  data-ea-mode=\"vertical\" data-preloader=\"\" data-scroll-active-item=\"\" data-offset-to-scroll=\"0\"><div class=\"ea-card  sp-ea-single\"><h3 class=\"ea-header\"><a class=\"collapsed\" id=\"ea-header-27450\" data-sptoggle=\"spcollapse\" data-sptarget=\"#collapse27450\" aria-controls=\"collapse27450\" href=\"javascript:void(0)\"  aria-expanded=\"false\" tabindex=\"0\"><i class=\"ea-expand-icon ea-icon-expand-plus\"><\/i> Carte de rendez vous<\/a><\/h3><div class=\"sp-collapse spcollapse spcollapse\" id=\"collapse27450\" data-parent=\"#sp-ea-2745\" role=\"region\" aria-labelledby=\"ea-header-27450\"><div class=\"ea-body\"><p><a href=\"https:\/\/www.abijustice.org\/brain-injury-community\/wp-content\/uploads\/2021\/03\/APPOINTMENT-Translated.pdf\"><img data-recalc-dims=\"1\" loading=\"lazy\" decoding=\"async\" class=\"alignnone wp-image-2739 size-large\" src=\"https:\/\/i0.wp.com\/www.abijustice.org\/brain-injury-community\/wp-content\/uploads\/2021\/03\/APPOINTMENT-Translated.png?resize=1024%2C645&#038;ssl=1\" alt=\"carte de rendez vous\" width=\"1024\" height=\"645\" srcset=\"https:\/\/i0.wp.com\/www.abijustice.org\/brain-injury-community\/wp-content\/uploads\/2021\/03\/APPOINTMENT-Translated.png?resize=1024%2C645&amp;ssl=1 1024w, https:\/\/i0.wp.com\/www.abijustice.org\/brain-injury-community\/wp-content\/uploads\/2021\/03\/APPOINTMENT-Translated.png?resize=300%2C189&amp;ssl=1 300w, https:\/\/i0.wp.com\/www.abijustice.org\/brain-injury-community\/wp-content\/uploads\/2021\/03\/APPOINTMENT-Translated.png?resize=768%2C484&amp;ssl=1 768w, https:\/\/i0.wp.com\/www.abijustice.org\/brain-injury-community\/wp-content\/uploads\/2021\/03\/APPOINTMENT-Translated.png?resize=1536%2C967&amp;ssl=1 1536w, https:\/\/i0.wp.com\/www.abijustice.org\/brain-injury-community\/wp-content\/uploads\/2021\/03\/APPOINTMENT-Translated.png?w=2023&amp;ssl=1 2023w\" sizes=\"auto, (max-width: 1024px) 100vw, 1024px\" \/><\/a><\/p>\n<\/div><\/div><\/div><div class=\"ea-card  sp-ea-single\"><h3 class=\"ea-header\"><a class=\"collapsed\" id=\"ea-header-27451\" data-sptoggle=\"spcollapse\" data-sptarget=\"#collapse27451\" aria-controls=\"collapse27451\" href=\"javascript:void(0)\"  aria-expanded=\"false\" tabindex=\"0\"><i class=\"ea-expand-icon ea-icon-expand-plus\"><\/i>  Des listes de t\u00e2ches pour se pr\u00e9parer \u00e0 tribunal  <\/a><\/h3><div class=\"sp-collapse spcollapse spcollapse\" id=\"collapse27451\" data-parent=\"#sp-ea-2745\" role=\"region\" aria-labelledby=\"ea-header-27451\"><div class=\"ea-body\"><p><a href=\"https:\/\/www.abijustice.org\/brain-injury-community\/wp-content\/uploads\/2021\/03\/Court-Checklist-Strategies-Translated.pdf\" target=\"_blank\" rel=\"noopener\"><img data-recalc-dims=\"1\" loading=\"lazy\" decoding=\"async\" class=\"alignnone wp-image-2747 size-full\" src=\"https:\/\/i0.wp.com\/www.abijustice.org\/brain-injury-community\/wp-content\/uploads\/2021\/03\/Court-Checklist-Strategies-Translated.png?resize=1120%2C865&#038;ssl=1\" alt=\"Des listes de t\u00e2ches pour se pr\u00e9parer \u00e0 compara\u00eetre au tribunal pour les personnes atteintes de l\u00e9sion c\u00e9r\u00e9brale acquise\" width=\"1120\" height=\"865\" srcset=\"https:\/\/i0.wp.com\/www.abijustice.org\/brain-injury-community\/wp-content\/uploads\/2021\/03\/Court-Checklist-Strategies-Translated.png?w=6600&amp;ssl=1 6600w, https:\/\/i0.wp.com\/www.abijustice.org\/brain-injury-community\/wp-content\/uploads\/2021\/03\/Court-Checklist-Strategies-Translated.png?resize=300%2C232&amp;ssl=1 300w, https:\/\/i0.wp.com\/www.abijustice.org\/brain-injury-community\/wp-content\/uploads\/2021\/03\/Court-Checklist-Strategies-Translated.png?resize=1024%2C791&amp;ssl=1 1024w, https:\/\/i0.wp.com\/www.abijustice.org\/brain-injury-community\/wp-content\/uploads\/2021\/03\/Court-Checklist-Strategies-Translated.png?resize=768%2C593&amp;ssl=1 768w, https:\/\/i0.wp.com\/www.abijustice.org\/brain-injury-community\/wp-content\/uploads\/2021\/03\/Court-Checklist-Strategies-Translated.png?resize=1536%2C1187&amp;ssl=1 1536w, https:\/\/i0.wp.com\/www.abijustice.org\/brain-injury-community\/wp-content\/uploads\/2021\/03\/Court-Checklist-Strategies-Translated.png?resize=2048%2C1582&amp;ssl=1 2048w, https:\/\/i0.wp.com\/www.abijustice.org\/brain-injury-community\/wp-content\/uploads\/2021\/03\/Court-Checklist-Strategies-Translated.png?w=2240&amp;ssl=1 2240w, https:\/\/i0.wp.com\/www.abijustice.org\/brain-injury-community\/wp-content\/uploads\/2021\/03\/Court-Checklist-Strategies-Translated.png?w=3360&amp;ssl=1 3360w\" sizes=\"auto, (max-width: 1120px) 100vw, 1120px\" \/><\/a><\/p>\n<\/div><\/div><\/div><div class=\"ea-card  sp-ea-single\"><h3 class=\"ea-header\"><a class=\"collapsed\" id=\"ea-header-27452\" data-sptoggle=\"spcollapse\" data-sptarget=\"#collapse27452\" aria-controls=\"collapse27452\" href=\"javascript:void(0)\"  aria-expanded=\"false\" tabindex=\"0\"><i class=\"ea-expand-icon ea-icon-expand-plus\"><\/i> Questions \u00e0 poser \u00e0 votre avocat<\/a><\/h3><div class=\"sp-collapse spcollapse spcollapse\" id=\"collapse27452\" data-parent=\"#sp-ea-2745\" role=\"region\" aria-labelledby=\"ea-header-27452\"><div class=\"ea-body\"><p><a href=\"https:\/\/www.abijustice.org\/brain-injury-community\/wp-content\/uploads\/2021\/03\/Questions-to-Ask-Your-Lawyer-2-Translated.pdf\" target=\"_blank\" rel=\"noopener\"><img data-recalc-dims=\"1\" loading=\"lazy\" decoding=\"async\" class=\"alignnone wp-image-2756 size-full\" src=\"https:\/\/i0.wp.com\/www.abijustice.org\/brain-injury-community\/wp-content\/uploads\/2021\/03\/Questions-to-Ask-Your-Lawyer-2-Translated.png?resize=1120%2C865&#038;ssl=1\" alt=\"\" width=\"1120\" height=\"865\" srcset=\"https:\/\/i0.wp.com\/www.abijustice.org\/brain-injury-community\/wp-content\/uploads\/2021\/03\/Questions-to-Ask-Your-Lawyer-2-Translated.png?w=6600&amp;ssl=1 6600w, https:\/\/i0.wp.com\/www.abijustice.org\/brain-injury-community\/wp-content\/uploads\/2021\/03\/Questions-to-Ask-Your-Lawyer-2-Translated.png?resize=300%2C232&amp;ssl=1 300w, https:\/\/i0.wp.com\/www.abijustice.org\/brain-injury-community\/wp-content\/uploads\/2021\/03\/Questions-to-Ask-Your-Lawyer-2-Translated.png?resize=1024%2C791&amp;ssl=1 1024w, https:\/\/i0.wp.com\/www.abijustice.org\/brain-injury-community\/wp-content\/uploads\/2021\/03\/Questions-to-Ask-Your-Lawyer-2-Translated.png?resize=768%2C593&amp;ssl=1 768w, https:\/\/i0.wp.com\/www.abijustice.org\/brain-injury-community\/wp-content\/uploads\/2021\/03\/Questions-to-Ask-Your-Lawyer-2-Translated.png?resize=1536%2C1187&amp;ssl=1 1536w, https:\/\/i0.wp.com\/www.abijustice.org\/brain-injury-community\/wp-content\/uploads\/2021\/03\/Questions-to-Ask-Your-Lawyer-2-Translated.png?resize=2048%2C1582&amp;ssl=1 2048w, https:\/\/i0.wp.com\/www.abijustice.org\/brain-injury-community\/wp-content\/uploads\/2021\/03\/Questions-to-Ask-Your-Lawyer-2-Translated.png?w=2240&amp;ssl=1 2240w, https:\/\/i0.wp.com\/www.abijustice.org\/brain-injury-community\/wp-content\/uploads\/2021\/03\/Questions-to-Ask-Your-Lawyer-2-Translated.png?w=3360&amp;ssl=1 3360w\" sizes=\"auto, (max-width: 1120px) 100vw, 1120px\" \/><\/a><\/p>\n<\/div><\/div><\/div><div class=\"ea-card  sp-ea-single\"><h3 class=\"ea-header\"><a class=\"collapsed\" id=\"ea-header-27453\" data-sptoggle=\"spcollapse\" data-sptarget=\"#collapse27453\" aria-controls=\"collapse27453\" href=\"javascript:void(0)\"  aria-expanded=\"false\" tabindex=\"0\"><i class=\"ea-expand-icon ea-icon-expand-plus\"><\/i> Comment s'organiser pour compara\u00eetre au tribunal : une liste des t\u00e2ches <\/a><\/h3><div class=\"sp-collapse spcollapse spcollapse\" id=\"collapse27453\" data-parent=\"#sp-ea-2745\" role=\"region\" aria-labelledby=\"ea-header-27453\"><div class=\"ea-body\"><p><a href=\"https:\/\/www.abijustice.org\/brain-injury-community\/wp-content\/uploads\/2021\/03\/Organize_for_Court_Checklist-Translated.pdf\" target=\"_blank\" rel=\"noopener\"><img data-recalc-dims=\"1\" loading=\"lazy\" decoding=\"async\" class=\"alignnone wp-image-2755 size-full\" src=\"https:\/\/i0.wp.com\/www.abijustice.org\/brain-injury-community\/wp-content\/uploads\/2021\/03\/Organize_for_Court_Checklist-Translated.png?resize=1120%2C865&#038;ssl=1\" alt=\"\" width=\"1120\" height=\"865\" srcset=\"https:\/\/i0.wp.com\/www.abijustice.org\/brain-injury-community\/wp-content\/uploads\/2021\/03\/Organize_for_Court_Checklist-Translated.png?w=6600&amp;ssl=1 6600w, https:\/\/i0.wp.com\/www.abijustice.org\/brain-injury-community\/wp-content\/uploads\/2021\/03\/Organize_for_Court_Checklist-Translated.png?resize=300%2C232&amp;ssl=1 300w, https:\/\/i0.wp.com\/www.abijustice.org\/brain-injury-community\/wp-content\/uploads\/2021\/03\/Organize_for_Court_Checklist-Translated.png?resize=1024%2C791&amp;ssl=1 1024w, https:\/\/i0.wp.com\/www.abijustice.org\/brain-injury-community\/wp-content\/uploads\/2021\/03\/Organize_for_Court_Checklist-Translated.png?resize=768%2C593&amp;ssl=1 768w, https:\/\/i0.wp.com\/www.abijustice.org\/brain-injury-community\/wp-content\/uploads\/2021\/03\/Organize_for_Court_Checklist-Translated.png?resize=1536%2C1187&amp;ssl=1 1536w, https:\/\/i0.wp.com\/www.abijustice.org\/brain-injury-community\/wp-content\/uploads\/2021\/03\/Organize_for_Court_Checklist-Translated.png?resize=2048%2C1582&amp;ssl=1 2048w, https:\/\/i0.wp.com\/www.abijustice.org\/brain-injury-community\/wp-content\/uploads\/2021\/03\/Organize_for_Court_Checklist-Translated.png?w=2240&amp;ssl=1 2240w, https:\/\/i0.wp.com\/www.abijustice.org\/brain-injury-community\/wp-content\/uploads\/2021\/03\/Organize_for_Court_Checklist-Translated.png?w=3360&amp;ssl=1 3360w\" sizes=\"auto, (max-width: 1120px) 100vw, 1120px\" \/><\/a><\/p>\n<\/div><\/div><\/div><div class=\"ea-card  sp-ea-single\"><h3 class=\"ea-header\"><a class=\"collapsed\" id=\"ea-header-27454\" data-sptoggle=\"spcollapse\" data-sptarget=\"#collapse27454\" aria-controls=\"collapse27454\" href=\"javascript:void(0)\"  aria-expanded=\"false\" tabindex=\"0\"><i class=\"ea-expand-icon ea-icon-expand-plus\"><\/i> Dispositifs de soutien &amp; apaisants<\/a><\/h3><div class=\"sp-collapse spcollapse spcollapse\" id=\"collapse27454\" data-parent=\"#sp-ea-2745\" role=\"region\" aria-labelledby=\"ea-header-27454\"><div class=\"ea-body\"><p><a href=\"https:\/\/www.abijustice.org\/brain-injury-community\/wp-content\/uploads\/2021\/03\/Support-and-Soothe-Tools-ABI-Survivor-1-Translated.pdf\" target=\"_blank\" rel=\"noopener\"><img data-recalc-dims=\"1\" loading=\"lazy\" decoding=\"async\" class=\"alignnone wp-image-2759 size-full\" src=\"https:\/\/i0.wp.com\/www.abijustice.org\/brain-injury-community\/wp-content\/uploads\/2021\/03\/Support-and-Soothe-Tools-ABI-Survivor-1-Translated.png?resize=1120%2C865&#038;ssl=1\" alt=\"\" width=\"1120\" height=\"865\" srcset=\"https:\/\/i0.wp.com\/www.abijustice.org\/brain-injury-community\/wp-content\/uploads\/2021\/03\/Support-and-Soothe-Tools-ABI-Survivor-1-Translated.png?w=6600&amp;ssl=1 6600w, https:\/\/i0.wp.com\/www.abijustice.org\/brain-injury-community\/wp-content\/uploads\/2021\/03\/Support-and-Soothe-Tools-ABI-Survivor-1-Translated.png?resize=300%2C232&amp;ssl=1 300w, https:\/\/i0.wp.com\/www.abijustice.org\/brain-injury-community\/wp-content\/uploads\/2021\/03\/Support-and-Soothe-Tools-ABI-Survivor-1-Translated.png?resize=1024%2C791&amp;ssl=1 1024w, https:\/\/i0.wp.com\/www.abijustice.org\/brain-injury-community\/wp-content\/uploads\/2021\/03\/Support-and-Soothe-Tools-ABI-Survivor-1-Translated.png?resize=768%2C593&amp;ssl=1 768w, https:\/\/i0.wp.com\/www.abijustice.org\/brain-injury-community\/wp-content\/uploads\/2021\/03\/Support-and-Soothe-Tools-ABI-Survivor-1-Translated.png?resize=1536%2C1187&amp;ssl=1 1536w, https:\/\/i0.wp.com\/www.abijustice.org\/brain-injury-community\/wp-content\/uploads\/2021\/03\/Support-and-Soothe-Tools-ABI-Survivor-1-Translated.png?resize=2048%2C1582&amp;ssl=1 2048w, https:\/\/i0.wp.com\/www.abijustice.org\/brain-injury-community\/wp-content\/uploads\/2021\/03\/Support-and-Soothe-Tools-ABI-Survivor-1-Translated.png?w=2240&amp;ssl=1 2240w, https:\/\/i0.wp.com\/www.abijustice.org\/brain-injury-community\/wp-content\/uploads\/2021\/03\/Support-and-Soothe-Tools-ABI-Survivor-1-Translated.png?w=3360&amp;ssl=1 3360w\" sizes=\"auto, (max-width: 1120px) 100vw, 1120px\" \/><\/a><\/p>\n<\/div><\/div><\/div><\/div><\/div>[\/vc_column_text][\/vc_column][\/vc_row][vc_row][vc_column][vc_empty_space][\/vc_column][\/vc_row][vc_row][vc_column][vc_empty_space][\/vc_column][\/vc_row]<\/p>\n<\/div>","protected":false},"excerpt":{"rendered":"<p>[vc_row full_width=&#8221;stretch_row&#8221; css=&#8221;.vc_custom_1601329816462{padding-top: 60px !important;}&#8221;][vc_column][vc_column_text] Outils imprimables qui peuvent aider \u00e0 rester organis\u00e9 tout au long du processus de justice p\u00e9nale. [\/vc_column_text][\/vc_column][\/vc_row][vc_row][vc_column][vc_column_text][\/vc_column_text][\/vc_column][\/vc_row][vc_row][vc_column][vc_empty_space][\/vc_column][\/vc_row][vc_row][vc_column][vc_empty_space][\/vc_column][\/vc_row]<\/p>\n","protected":false},"author":1,"featured_media":0,"parent":0,"menu_order":0,"comment_status":"closed","ping_status":"closed","template":"","meta":{"_bbp_topic_count":0,"_bbp_reply_count":0,"_bbp_total_topic_count":0,"_bbp_total_reply_count":0,"_bbp_voice_count":0,"_bbp_anonymous_reply_count":0,"_bbp_topic_count_hidden":0,"_bbp_reply_count_hidden":0,"_bbp_forum_subforum_count":0,"_monsterinsights_skip_tracking":false,"_monsterinsights_sitenote_active":false,"_monsterinsights_sitenote_note":"","_monsterinsights_sitenote_category":0,"footnotes":""},"class_list":["post-2768","page","type-page","status-publish","hentry"],"yoast_head":"<!-- This site is optimized with the Yoast SEO plugin v26.9 - https:\/\/yoast.com\/product\/yoast-seo-wordpress\/ -->\n<title>Outils imprimables en fran\u00e7ais - ABI Justice - Survivor<\/title>\n<meta name=\"robots\" content=\"index, follow, max-snippet:-1, max-image-preview:large, max-video-preview:-1\" \/>\n<link rel=\"canonical\" href=\"https:\/\/www.abijustice.org\/brain-injury-community\/outils-imprimables\/\" \/>\n<meta property=\"og:locale\" content=\"en_US\" \/>\n<meta property=\"og:type\" content=\"article\" \/>\n<meta property=\"og:title\" content=\"Outils imprimables en fran\u00e7ais - ABI Justice - Survivor\" \/>\n<meta property=\"og:description\" content=\"[vc_row full_width=&#8221;stretch_row&#8221; css=&#8221;.vc_custom_1601329816462{padding-top: 60px !important;}&#8221;][vc_column][vc_column_text] Outils imprimables qui peuvent aider \u00e0 rester organis\u00e9 tout au long du processus de justice p\u00e9nale. [\/vc_column_text][\/vc_column][\/vc_row][vc_row][vc_column][vc_column_text][\/vc_column_text][\/vc_column][\/vc_row][vc_row][vc_column][vc_empty_space][\/vc_column][\/vc_row][vc_row][vc_column][vc_empty_space][\/vc_column][\/vc_row]\" \/>\n<meta property=\"og:url\" content=\"https:\/\/www.abijustice.org\/brain-injury-community\/outils-imprimables\/\" \/>\n<meta property=\"og:site_name\" content=\"ABI Justice - Survivor\" \/>\n<meta property=\"article:publisher\" content=\"https:\/\/www.facebook.com\/BrainInjurySocietyTO\" \/>\n<meta property=\"article:modified_time\" content=\"2021-03-02T00:35:22+00:00\" \/>\n<meta name=\"twitter:card\" content=\"summary_large_image\" \/>\n<meta name=\"twitter:site\" content=\"@BrainInjuryTO\" \/>\n<script type=\"application\/ld+json\" class=\"yoast-schema-graph\">{\"@context\":\"https:\/\/schema.org\",\"@graph\":[{\"@type\":\"WebPage\",\"@id\":\"https:\/\/www.abijustice.org\/brain-injury-community\/outils-imprimables\/\",\"url\":\"https:\/\/www.abijustice.org\/brain-injury-community\/outils-imprimables\/\",\"name\":\"Outils imprimables en fran\u00e7ais - ABI Justice - Survivor\",\"isPartOf\":{\"@id\":\"https:\/\/www.abijustice.org\/brain-injury-community\/#website\"},\"datePublished\":\"2021-03-02T00:29:35+00:00\",\"dateModified\":\"2021-03-02T00:35:22+00:00\",\"breadcrumb\":{\"@id\":\"https:\/\/www.abijustice.org\/brain-injury-community\/outils-imprimables\/#breadcrumb\"},\"inLanguage\":\"en-CA\",\"potentialAction\":[{\"@type\":\"ReadAction\",\"target\":[\"https:\/\/www.abijustice.org\/brain-injury-community\/outils-imprimables\/\"]}]},{\"@type\":\"BreadcrumbList\",\"@id\":\"https:\/\/www.abijustice.org\/brain-injury-community\/outils-imprimables\/#breadcrumb\",\"itemListElement\":[{\"@type\":\"ListItem\",\"position\":1,\"name\":\"Home\",\"item\":\"https:\/\/www.abijustice.org\/brain-injury-community\/\"},{\"@type\":\"ListItem\",\"position\":2,\"name\":\"Outils imprimables en fran\u00e7ais\"}]},{\"@type\":\"WebSite\",\"@id\":\"https:\/\/www.abijustice.org\/brain-injury-community\/#website\",\"url\":\"https:\/\/www.abijustice.org\/brain-injury-community\/\",\"name\":\"ABI Justice - Survivor\",\"description\":\"\",\"publisher\":{\"@id\":\"https:\/\/www.abijustice.org\/brain-injury-community\/#organization\"},\"potentialAction\":[{\"@type\":\"SearchAction\",\"target\":{\"@type\":\"EntryPoint\",\"urlTemplate\":\"https:\/\/www.abijustice.org\/brain-injury-community\/?s={search_term_string}\"},\"query-input\":{\"@type\":\"PropertyValueSpecification\",\"valueRequired\":true,\"valueName\":\"search_term_string\"}}],\"inLanguage\":\"en-CA\"},{\"@type\":\"Organization\",\"@id\":\"https:\/\/www.abijustice.org\/brain-injury-community\/#organization\",\"name\":\"ABI Justice - Survivor\",\"url\":\"https:\/\/www.abijustice.org\/brain-injury-community\/\",\"logo\":{\"@type\":\"ImageObject\",\"inLanguage\":\"en-CA\",\"@id\":\"https:\/\/www.abijustice.org\/brain-injury-community\/#\/schema\/logo\/image\/\",\"url\":\"https:\/\/i0.wp.com\/www.abijustice.org\/brain-injury-community\/wp-content\/uploads\/2021\/06\/Untitled-design-11.png?fit=1080%2C1080&ssl=1\",\"contentUrl\":\"https:\/\/i0.wp.com\/www.abijustice.org\/brain-injury-community\/wp-content\/uploads\/2021\/06\/Untitled-design-11.png?fit=1080%2C1080&ssl=1\",\"width\":1080,\"height\":1080,\"caption\":\"ABI Justice - Survivor\"},\"image\":{\"@id\":\"https:\/\/www.abijustice.org\/brain-injury-community\/#\/schema\/logo\/image\/\"},\"sameAs\":[\"https:\/\/www.facebook.com\/BrainInjurySocietyTO\",\"https:\/\/x.com\/BrainInjuryTO\",\"https:\/\/www.instagram.com\/braininjurytoronto\/\"]}]}<\/script>\n<!-- \/ Yoast SEO plugin. -->","yoast_head_json":{"title":"Outils imprimables en fran\u00e7ais - ABI Justice - Survivor","robots":{"index":"index","follow":"follow","max-snippet":"max-snippet:-1","max-image-preview":"max-image-preview:large","max-video-preview":"max-video-preview:-1"},"canonical":"https:\/\/www.abijustice.org\/brain-injury-community\/outils-imprimables\/","og_locale":"en_US","og_type":"article","og_title":"Outils imprimables en fran\u00e7ais - ABI Justice - Survivor","og_description":"[vc_row full_width=&#8221;stretch_row&#8221; css=&#8221;.vc_custom_1601329816462{padding-top: 60px !important;}&#8221;][vc_column][vc_column_text] Outils imprimables qui peuvent aider \u00e0 rester organis\u00e9 tout au long du processus de justice p\u00e9nale. [\/vc_column_text][\/vc_column][\/vc_row][vc_row][vc_column][vc_column_text][\/vc_column_text][\/vc_column][\/vc_row][vc_row][vc_column][vc_empty_space][\/vc_column][\/vc_row][vc_row][vc_column][vc_empty_space][\/vc_column][\/vc_row]","og_url":"https:\/\/www.abijustice.org\/brain-injury-community\/outils-imprimables\/","og_site_name":"ABI Justice - Survivor","article_publisher":"https:\/\/www.facebook.com\/BrainInjurySocietyTO","article_modified_time":"2021-03-02T00:35:22+00:00","twitter_card":"summary_large_image","twitter_site":"@BrainInjuryTO","schema":{"@context":"https:\/\/schema.org","@graph":[{"@type":"WebPage","@id":"https:\/\/www.abijustice.org\/brain-injury-community\/outils-imprimables\/","url":"https:\/\/www.abijustice.org\/brain-injury-community\/outils-imprimables\/","name":"Outils imprimables en fran\u00e7ais - ABI Justice - Survivor","isPartOf":{"@id":"https:\/\/www.abijustice.org\/brain-injury-community\/#website"},"datePublished":"2021-03-02T00:29:35+00:00","dateModified":"2021-03-02T00:35:22+00:00","breadcrumb":{"@id":"https:\/\/www.abijustice.org\/brain-injury-community\/outils-imprimables\/#breadcrumb"},"inLanguage":"en-CA","potentialAction":[{"@type":"ReadAction","target":["https:\/\/www.abijustice.org\/brain-injury-community\/outils-imprimables\/"]}]},{"@type":"BreadcrumbList","@id":"https:\/\/www.abijustice.org\/brain-injury-community\/outils-imprimables\/#breadcrumb","itemListElement":[{"@type":"ListItem","position":1,"name":"Home","item":"https:\/\/www.abijustice.org\/brain-injury-community\/"},{"@type":"ListItem","position":2,"name":"Outils imprimables en fran\u00e7ais"}]},{"@type":"WebSite","@id":"https:\/\/www.abijustice.org\/brain-injury-community\/#website","url":"https:\/\/www.abijustice.org\/brain-injury-community\/","name":"ABI Justice - Survivor","description":"","publisher":{"@id":"https:\/\/www.abijustice.org\/brain-injury-community\/#organization"},"potentialAction":[{"@type":"SearchAction","target":{"@type":"EntryPoint","urlTemplate":"https:\/\/www.abijustice.org\/brain-injury-community\/?s={search_term_string}"},"query-input":{"@type":"PropertyValueSpecification","valueRequired":true,"valueName":"search_term_string"}}],"inLanguage":"en-CA"},{"@type":"Organization","@id":"https:\/\/www.abijustice.org\/brain-injury-community\/#organization","name":"ABI Justice - Survivor","url":"https:\/\/www.abijustice.org\/brain-injury-community\/","logo":{"@type":"ImageObject","inLanguage":"en-CA","@id":"https:\/\/www.abijustice.org\/brain-injury-community\/#\/schema\/logo\/image\/","url":"https:\/\/i0.wp.com\/www.abijustice.org\/brain-injury-community\/wp-content\/uploads\/2021\/06\/Untitled-design-11.png?fit=1080%2C1080&ssl=1","contentUrl":"https:\/\/i0.wp.com\/www.abijustice.org\/brain-injury-community\/wp-content\/uploads\/2021\/06\/Untitled-design-11.png?fit=1080%2C1080&ssl=1","width":1080,"height":1080,"caption":"ABI Justice - Survivor"},"image":{"@id":"https:\/\/www.abijustice.org\/brain-injury-community\/#\/schema\/logo\/image\/"},"sameAs":["https:\/\/www.facebook.com\/BrainInjurySocietyTO","https:\/\/x.com\/BrainInjuryTO","https:\/\/www.instagram.com\/braininjurytoronto\/"]}]}},"jetpack_sharing_enabled":true,"_links":{"self":[{"href":"https:\/\/www.abijustice.org\/brain-injury-community\/wp-json\/wp\/v2\/pages\/2768","targetHints":{"allow":["GET"]}}],"collection":[{"href":"https:\/\/www.abijustice.org\/brain-injury-community\/wp-json\/wp\/v2\/pages"}],"about":[{"href":"https:\/\/www.abijustice.org\/brain-injury-community\/wp-json\/wp\/v2\/types\/page"}],"author":[{"embeddable":true,"href":"https:\/\/www.abijustice.org\/brain-injury-community\/wp-json\/wp\/v2\/users\/1"}],"replies":[{"embeddable":true,"href":"https:\/\/www.abijustice.org\/brain-injury-community\/wp-json\/wp\/v2\/comments?post=2768"}],"version-history":[{"count":5,"href":"https:\/\/www.abijustice.org\/brain-injury-community\/wp-json\/wp\/v2\/pages\/2768\/revisions"}],"predecessor-version":[{"id":2774,"href":"https:\/\/www.abijustice.org\/brain-injury-community\/wp-json\/wp\/v2\/pages\/2768\/revisions\/2774"}],"wp:attachment":[{"href":"https:\/\/www.abijustice.org\/brain-injury-community\/wp-json\/wp\/v2\/media?parent=2768"}],"curies":[{"name":"wp","href":"https:\/\/api.w.org\/{rel}","templated":true}]}}